 - 1. Let k be u(-4). Suppose 12*d - 1727 = -1787. Is k + 10*104*(-1)/d composite?
False
Let a(y) = -5*y**2 - 20*y + 3. Let h be a(-4). Suppose m = -5*p + p + 1891, 5*m - h*p - 9478 = 0. Suppose 2*w + 3*w = m. Is w prime?
True
Let o = -35 + 48. Let y be ((-5)/(-4))/(o/52). Suppose 0 = 4*g - 2*s - 3012, -6*s - 3771 = -y*g - 2*s. Is g a composite number?
False
Let t be 32424/2 + (-2 + 1)/1. Suppose 2*i - 4*i + t = 3*k, -4*k = 4. Is i/22*(-4)/(-2) a prime number?
False
Let q(z) = 2*z**3 - 3*z**2 + 46*z + 4. Let o be q(10). Suppose -5*s = -s - 5*v - 2879, -3*s + o = v. Is s prime?
False
Let n be (-7 - -12)/((-1)/13). Let m = n + -98. Let x = 0 - m. Is x a prime number?
True
Suppose -3*d = 2*n - 1510163, -2*n + 678*d = 679*d - 1510149. Is n a prime number?
True
Suppose 0*z - z + 4 = 0. Suppose z*l + 9*v - 5477 = 4*v, 2706 = 2*l - 4*v. Is l prime?
False
Let z(r) = 198*r**2 - 5*r - 13. Let w be z(-15). Suppose 4*j + 5*v - 37551 = -1844, 5*j - v = w. Is j prime?
True
Let h(w) = 11*w**2 + 5*w - 11. Let o be 1/(-6) - 205/30. Is h(o) composite?
True
Let o(d) = 3*d**3 - 9*d**2 - 15*d + 20. Suppose 0 = 2*i - 0*w - 4*w - 34, -5*i - w = -52. Is o(i) a composite number?
True
Is (447290/35)/((-95)/35 - -3) composite?
False
Let n = -146157 + 372034. Is n a composite number?
True
Suppose 0 = 4*z + 104*b - 101*b - 123434, -4*b + 92565 = 3*z. Is z a composite number?
True
Suppose 0*k = -k + 3. Let w = k + -7. Is (0 + -1)*2204/w a composite number?
True
Let h = -60 + 62. Suppose -h*k = -3275 - 3479. Is k a composite number?
True
Let x be (-156664)/(-6) + (-2)/(-6). Let i be ((-17)/(714/(-2548)))/(1/(-234)). Let m = i + x. Is m a composite number?
True
Suppose -26*p + 4453487 = -431991. Is p a composite number?
True
Suppose 2*i + 4*m - 22828 - 1810 = 0, -3*i - 5*m = -36957. Is i a prime number?
False
Let g be 0 + 2 - (8 + -10). Suppose -3*z = 4*i + 8, g*z = -4*i + i + 1. Is 5753/z + 9/12 a prime number?
True
Let l(g) = -g**3 + 26*g**2 - 23*g - 19. Let z be l(25). Suppose -z = -3*d - 7. Is 695 + 24/(-16)*d/3 prime?
True
Let c be (-1)/2*44/2. Let o(t) = -t**3 - 8*t**2 - 26*t - 18. Is o(c) a prime number?
True
Let p = -46 + 48. Suppose 2*z - 4326 = -2*g, p*z + 10787 = g + 4*g. Is g prime?
False
Let p = -558 - -215. Suppose 0 = -3*k + 9, 3*v - 2*k - 763 = 1697. Let z = p + v. Is z composite?
False
Suppose 3*h + a = -7, -3 = 9*h - 10*h + a. Is 4073*(4/(-4))/h a prime number?
True
Is 4/(-30) - 143934483/(-1035) a composite number?
False
Let h(g) = g**2 + 7*g + 6. Let o be h(-5). Suppose -7*k = -1015 - 6944. Is (o/4 - 2)/((-9)/k) prime?
True
Let l = 398 + -177. Let f = -699 - 1413. Let q = l - f. Is q composite?
False
Let l(i) = 4*i - 11. Let b be l(16). Let u = b - 51. Suppose 5*z = u*g - 69, 3*z = -2*g + 6*z + 71. Is g a prime number?
True
Is (-1*127)/(-30 - (-134070)/4470) prime?
False
Let r = 131658 - 69020. Is r composite?
True
Suppose 0 = -38*y - 3*y + 4098811. Is y composite?
False
Suppose -3*a + 9*a - 288 = 0. Suppose a*o - 44*o - 7108 = 0. Is o a prime number?
True
Let x(b) = -b**2 - 7*b - 1. Let z be x(-3). Suppose 5*k = -5*n + 20, 0 = -k - 3*k + 5*n - z. Is (1 - 88)/((-5)/5*k) a composite number?
True
Let k = 443939 - 203940. Is k composite?
False
Suppose 17*x - 70 = 15. Suppose -4*j + 3 = -9. Suppose 107 = -j*t + k + 498, -4*k = x*t - 663. Is t prime?
True
Let f = -732075 - -1033774. Is f a prime number?
False
Let y(l) = -l**3 + 10*l**2 - 9*l + 4. Let a be y(9). Let z be -1 + (0 + -6)/(-3) + a. Suppose -4 = -3*v + 8, 9075 = 5*j - z*v. Is j composite?
True
Is (-4)/(-46) - (-102213342)/966 prime?
False
Suppose -4*f + 366 = -5*w, -2*f - 2*w + 286 = f. Suppose -f*o + 90*o + 316 = 0. Is o a prime number?
True
Let h(j) = -j**3 + 11*j**2 - 10*j + 9. Let c be h(10). Suppose -c*p + 60 = 15. Suppose -2052 = p*v - 21757. Is v a composite number?
True
Let s be (-1249)/(-8) + (-100)/32 + 3. Is 1/4 + 1677/s prime?
True
Let k = 1160982 - 698119. Is k composite?
False
Is 3724266/104 + -4 - (1 - (-3)/(-4)) a prime number?
False
Let h be 2/4*(7 + -16049). Let n = h - -35792. Is n a prime number?
False
Suppose 419805 = 17*x - 81406. Is x a prime number?
True
Is 240505/14 - 40/(-560) composite?
True
Suppose 55*v - 30 = 61*v. Is 1/(v + (-15112)/(-3022)) a composite number?
False
Is 2*(-13 + (-6956692)/(-8)) prime?
True
Suppose 3*g - 9*v - 204150 = -5*v, 4*v - 68066 = -g. Suppose 8*u = -6*u + g. Is u a composite number?
False
Suppose -3*t + 21 = -2*n + 5*n, -3*n = t - 11. Suppose n*m + 364 = 4*l, 0 = -5*m + 10*m + 20. Is l prime?
True
Let j = 66 + -68. Let l be -3 - 1 - (j - -3) - -1. Is (-537)/9*12/l a composite number?
False
Let q(d) = -3*d**2 - 90*d - 61. Is q(-26) a prime number?
True
Let m be 6/(-9)*(-39)/2. Let y(h) = 18*h**2 - 64*h - 31. Let w(z) = 28*z**2 - 99*z - 46. Let p(j) = -5*w(j) + 8*y(j). Is p(m) a prime number?
False
Suppose p + q = 2*q, 4*p - q - 9 = 0. Let x = 9158 + -4189. Suppose i - x = -p*s, -8293 = -s - 4*s + 4*i. Is s a composite number?
False
Let w = 1188 + -989. Suppose 936 = 3*t + 216. Suppose -k + t = -w. Is k a prime number?
True
Let k(j) = 75604*j - 2223. Is k(14) composite?
True
Let m be 15 + -8 + (-384760)/(-5). Suppose -m = -24*p - 5175. Is p a prime number?
False
Let x(c) = c**3 + 8 + 9*c - 38*c**2 + 45*c**2 + 2. Let t be x(-8). Is 1 - t/(4 + -1) composite?
False
Let h = 299 + -210. Let o = -58 + h. Suppose -5*m - o + 456 = 0. Is m a composite number?
True
Let b(m) = -m**2 + 6*m - 11. Let n be b(2). Let o(c) = -761*c + 34. Is o(n) prime?
False
Suppose 13*d - 11*d = 1746. Let c = 2926 - d. Is c a prime number?
True
Let g be (-2)/(-5) - (-294)/(-35). Let k be g*11/11*(1 - 2). Is (-27)/36 + 6142/k composite?
True
Suppose 104 = -204*c + 200*c. Let x be c*(-3)/3*1. Is (-2 - x/(-12)) + (-35944)/(-48) a composite number?
True
Let k(v) = 2*v + 86. Let c be k(-43). Suppose c*x + 26697 = 3*h + 3*x, 0 = x. Is h prime?
False
Let s(c) = -9*c + 4. Let f be s(5). Let k = 92 + f. Let o = -49 + k. Is o composite?
False
Let h be ((-4812)/(-18))/(-2)*(1 + 20). Let p = h - -4869. Is p a composite number?
True
Let l = -484 + 486. Suppose -5*f = -l*g - 11245, 0 = -10*f + 13*f + 4*g - 6747. Is f composite?
True
Let s = 691 - 689. Suppose -7*h = -y - 8*h + 2676, s*y + 3*h - 5357 = 0. Is y a composite number?
False
Let w(l) = l**3 + 2*l**2 - 3*l - 3. Let f be w(-3). Is 588 - (0 + -1 - f) composite?
True
Let o(p) = -p - 24. Let f be o(-26). Suppose 2*c = f*w + 4996, 4*c = 8*c - 5*w - 9987. Is c a prime number?
True
Let b be (-6)/(-30) - (-22214)/5. Suppose 19*f - 16*f = b. Let p = f + -488. Is p a composite number?
True
Suppose 0*g - 4 = 2*m - 4*g, -4*m = 3*g - 14. Let k be 536 + -5 + 2 + m. Suppose 11*f - k - 5174 = 0. Is f composite?
True
Suppose 266837 = 4*l - j, 0 = -l + 5*j - j + 66713. Is l composite?
True
Let d(c) = 3*c**3 - 4*c**2 + 6*c + 3. Let k(y) = -41*y**3 + y**2 - 1. Let g be k(-1). Suppose -43 = -m - g. Is d(m) a composite number?
False
Is 10504304/40*((-104)/16 - -9) prime?
True
Let g = -185 + 826. Suppose 3157 = n + 4*n - x, -n + g = -5*x. Is n composite?
False
Is -22 + 29526 - (-3 - -6) composite?
False
Is 19445 - -6 - 4*((-3)/2 - 0) prime?
True
Suppose -6099*b + 6011*b = -20192392. Is b composite?
False
Let k(a) = 153*a**2 + 41*a + 977. Is k(51) a composite number?
True
Suppose -1767 = -5*g + 1613. Suppose b - 532 = g. Suppose 0 = 3*o - c - 1335, -5*o - 5*c = b - 3433. Is o composite?
True
Let k = -71 - -71. Suppose -3*s - 4*h + 5863 = k, 8*s - 4*s + 2*h = 7804. Suppose 4*f - s = -a, -a + 1008 = -f - 941. Is a composite?
False
Let s(c) = 56*c - 39. Let r(x) = -169*x + 118. Let b(w) = -2*r(w) - 7*s(w). Is b(-12) a composite number?
True
Let h(u) = 3*u**3 + 306*u**2 + 204*u - 203. Is h(-100) composite?
False
Suppose -5*o = -o - 3*y - 57, -49 = -3*o - 4*y. Let a(v) = v**3 + v**2 + 5*v - 32. Is a(o) a composite number?
False
Let t be (8/(-6))/(1/(-3)) + 0. Is 1161/18 - 5 - 2/t a composite number?
False
Let m be 7017/15 - 5/(-25). Let u = m + -161. Is u a composite number?
False
Let q be (0 + -1)/(458/(-228) + 2). Suppose 2*j - q - 244 = 0. Is j prime?
True
Let b = 715550 + -350461. Is b a prime number?
True
Let r(c) = 180*c**3 + c**2 - 48*c + 100. Is r(9) a composite number?
False
Suppose -2*u - 1 = -1. Suppose 792 = -u*h + 4*h. Let b = h + -115. Is b a 